g**2 - g - 7. Give a(-4).
13
Let i(o) = o**3 + 10*o**2 - 3*o - 31. Give i(-10).
-1
Let q(x) = x**2 + 9*x - 12. Determine q(-10).
-2
Let w(l) = -6*l**3 - 22*l**2 + 8*l - 6. Give w(-4).
-6
Let o(v) = -2*v**3 + 3*v**2 - 8*v + 11. Give o(2).
-9
Let c(v) = -v**3 - 9*v**2 + 9*v - 6. Determine c(-10).
4
Let n(k) = -38*k - 179. What is n(-5)?
11
Let o(f) = f**2 + 10*f + 16. Calculate o(-11).
27
Let w(p) = p - 3. Determine w(0).
-3
Let h(b) = -b**2 - b + 1. Give h(5).
-29
Let l(v) = -v**3 + 11*v**2 + 13*v - 18. Determine l(12).
-6
Let m(g) = -4*g - 25. Determine m(-11).
19
Let l(i) = -i**2 - 35*i - 265. Determine l(-11).
-1
Let b(d) = 3*d**2 + 11*d - 8. Calculate b(-7).
62
Let q(d) = d**2 - 20*d + 17. Determine q(18).
-19
Let v(u) = -u**3 + 4*u**2 + 7*u - 11. Give v(5).
-1
Let t(k) = k**3 - 6*k**2 - 5*k + 9. What is t(6)?
-21
Let r(a) = -13*a + 31. Calculate r(1).
18
Let y(q) = -q**3 + 8*q**2 + 19*q - 30. Determine y(9).
60
Let u(c) = -2*c**2 + 26*c + 4. Determine u(13).
4
Let l(f) = f**3 - f**2 - f + 2. Give l(-3).
-31
Let p(d) = 37*d + 2. Calculate p(-2).
-72
Let r(q) = q - 5. Give r(25).
20
Let p(d) = -20*d + 19. Give p(3).
-41
Let r(g) = -g**3 - 9*g**2 + 2*g + 12. What is r(-9)?
-6
Let k(u) = -u**2 + 12*u - 42. What is k(10)?
-22
Let n(a) = 2*a**2 - 77*a + 32. Give n(38).
-6
Let q(l) = -l**3 - 4*l**2 - 4*l - 3. Give q(-3).
0
Let x(v) = v**3 - v**2 + v + 45. What is x(0)?
45
Let h(m) = m**3 - 6*m**2 - 11*m + 9. Determine h(7).
-19
Let a(y) = -2*y + 6. Give a(-4).
14
Let g(l) = 4*l + 10. Determine g(-4).
-6
Let l(b) = b**2 - 15*b - 11. Calculate l(16).
5
Let n(i) = -2*i**2 - i + 1. Determine n(-5).
-44
Let v(g) = 4*g - 1. Calculate v(-2).
-9
Let d(z) = 6*z - 55. Calculate d(10).
5
Let r(b) = 9*b + 37. What is r(-8)?
-35
Let s(f) = f**2 + 6*f + 8. Calculate s(-7).
15
Let s(c) = c**3 - 16*c**2 + 13*c + 13. Calculate s(15).
-17
Let c(n) = -n**3 + 9*n**2 + 12*n - 10. Calculate c(10).
10
Let n(v) = 8*v**2 - 2*v. What is n(-1)?
10
Let s(z) = z**3 + z**2 - z - 39. Calculate s(0).
-39
Let q(f) = 2*f**2 + 2*f - 2. Determine q(-9).
142
Let c(y) = -4*y**2 - 5*y - 5. Calculate c(-2).
-11
Let m(q) = -3*q + 56. Give m(-18).
110
Let c(l) = -2*l**3 + 9*l**2 - 4*l. Give c(4).
0
Let c(o) = o. Determine c(8).
8
Let c(w) = -w - 5. What is c(1)?
-6
Let o(a) = a**2 + 28*a + 64. What is o(-27)?
37
Let f(h) = -h**2 - 18*h + 8. What is f(-11)?
85
Let l(x) = 13*x**2 + 1. Calculate l(-1).
14
Let b(l) = 5*l**2 - 2. What is b(2)?
18
Let d(c) = -c**3 - 6*c**2 + 4*c - 2. What is d(-5)?
-47
Let o(i) = 2*i - 30. Determine o(10).
-10
Let s(v) = -5*v + 38. Determine s(5).
13
Let u(s) = -s**2 - 10*s. Give u(-9).
9
Let v(o) = o**3 + o**2 + o + 50. Calculate v(0).
50
Let z(y) = -y**3 + y**2 + 7*y - 1. What is z(3)?
2
Let p(f) = -f**3 + f**2 + 5*f - 3. Calculate p(3).
-6
Let o(p) = -p + 24. What is o(11)?
13
Let f(h) = -h**3 + 8*h**2 - 13*h - 3. Determine f(4).
9
Let u(t) = t**2 + 30*t + 160. Give u(-7).
-1
Let n(r) = -8*r + 16. Calculate n(-10).
96
Let o(m) = m**2 + 4*m - 20. Calculate o(-6).
-8
Let w(b) = -2*b - 7. What is w(-15)?
23
Let d(w) = -w**2 - 18*w - 9. Determine d(-18).
-9
Let b(o) = -2*o**3 + 43*o**2 + 20*o - 18. Give b(22).
-62
Let z(l) = 4*l**2 - 8*l + 1. Calculate z(6).
97
Let h(i) = -54*i + 382. Give h(7).
4
Let r(n) = -17*n - 446. Calculate r(-26).
-4
Let w(j) = j**3 + j**2 - j. Give w(1).
1
Let k(v) = -v**3 + v - 20. Calculate k(0).
-20
Let y(b) = -2*b**2 + 20*b - 11. Give y(10).
-11
Let w(v) = -v**3 - 12*v**2 - 5. Calculate w(-12).
-5
Let v(h) = h**2 + 11*h + 1. Determine v(-9).
-17
Let w(v) = v**3 + 6*v**2 - 15*v + 10. Give w(-8).
2
Let z(b) = -8*b - 310. What is z(-35)?
-30
Let n(m) = -m - 1. Give n(5).
-6
Let a(o) = -4*o + 3. What is a(2)?
-5
Let t(m) = -13*m - 12. Calculate t(-6).
66
Let j(x) = -3*x**2 + 2*x + 1. Give j(-1).
-4
Let y(v) = v**2 - 13*v - 68. Give y(17).
0
Let p(q) = 2*q**3 + 5*q**2 - 6*q + 11. Give p(-5).
-84
Let r(h) = 2*h - 22. Calculate r(17).
12
Let s(w) = -19*w - 99. Give s(-5).
-4
Let s(u) = -u - 18. Give s(-14).
-4
Let b(q) = -q + 15. Calculate b(16).
-1
Let c(m) = -m - 15. Give c(-7).
-8
Let n(k) = -2*k - 11. Determine n(-5).
-1
Let g(d) = 169*d - 855. Calculate g(5).
-10
Let t(n) = -n - 12. Calculate t(-12).
0
Let a(z) = z**3 - 2*z**2 - 4*z + 3. Calculate a(2).
-5
Let b(a) = -a**2 + 26*a - 166. What is b(11)?
-1
Let v(o) = o**3 + 5*o**2 - 9*o - 3. Give v(-6).
15
Let a(o) = -6*o**3 - o**2. Calculate a(1).
-7
Let o(p) = p**3 - 17*p**2 - 29*p + 203. Calculate o(18).
5
Let j(v) = -v**3 + 3*v**2 - v + 3. Determine j(3).
0
Let l(k) = -9*k + 2. Give l(17).
-151
Let h(r) = -10*r - 15. Determine h(-8).
65
Let m(g) = -g**2 + g - 1. Calculate m(-2).
-7
Let t(c) = c**3 + 8*c**2 + 7*c + 24. Calculate t(-8).
-32
Let v(u) = -u**3 + u**2 + u. Determine v(-1).
1
Let z(n) = -n**3 - 7*n**2 + 12*n + 7. Calculate z(-8).
-25
Let x(t) = 2*t**3 + 2*t**2 - 2*t - 16. Determine x(2).
4
Let d(s) = -4*s**3 - 3*s + 4. Give d(1).
-3
Let y(a) = 2*a**2 - 2*a + 1. Calculate y(2).
5
Let s(r) = -r**3 - 17*r**2 + 18*r. Give s(-18).
0
Let y(b) = -13*b + 2. Give y(2).
-24
Let z(l) = 4*l**2 + 4*l - 1. Determine z(-3).
23
Let o(r) = -r**3 + 8*r**2 + 24*r - 14. Determine o(10).
26
Let v(x) = -x**3 + 8*x**2 - 14*x + 4. What is v(6)?
-8
Let z(u) = -26*u**2 - 3*u - 2. Calculate z(-2).
-100
Let d(f) = -f**3 + 10*f**2 - 25*f + 2. Calculate d(6).
-4
Let v(u) = u**3 + 11*u**2 - 15*u - 31. Give v(-12).
5
Let o(m) = m**2 + 11*m + 2. What is o(-9)?
-16
Let r(a) = a**2 - 7*a + 10. Calculate r(7).
10
Let o(h) = -h**2 - 24*h + 38. What is o(-20)?
118
Let p(o) = -7*o - 93. What is p(-13)?
-2
Let w(z) = 2*z**2 + 5*z + 2. Determine w(5).
77
Let z(t) = -t**3 - t**2 + 18*t + 4. What is z(-4)?
-20
Let p(g) = -2*g**3 - 50*g**2 - 49*g - 11. Calculate p(-24).
13
Let t(p) = p**2 + 10*p - 33. Give t(-15).
42
Let g(x) = x**2 - 23*x - 13. Give g(20).
-73
Let i(k) = -k**3 + 6*k**2 - 2*k + 3. Calculate i(5).
18
Let b(y) = -y**3 - 22*y**2 - 67*y - 190. Give b(-19).
0
Let j(r) = -2*r + 7. Calculate j(8).
-9
Let q(y) = -3*y - 10. What is q(0)?
-10
Let d(a) = a**2 + 9*a + 8. Determine d(0).
8
Let l(d) = d**2 - 14*d + 2. Determine l(14).
2
Let s(d) = -4*d + 12. Determine s(9).
-24
Let c(a) = -5*a - 16. Give c(-11).
39
Let j(i) = i**3 - 9*i**2 + 15*i - 1. Determine j(7).
6
Let s(v) = v**3 + 8*v**2 + 3*v + 19. Determine s(-8).
-5
Let t(a) = -6*a + 4. Give t(2).
-8
Let x(c) = c**3 + 8*c**2 + 5*c - 20. What is x(-7)?
-6
Let r(a) = -a**2 - 12*a + 6. Calculate r(-10).
26
Let u(t) = -t**3 + t**2 - 5*t + 7. Give u(2).
-7
Let u(m) = -2*m**2 + 3. What is u(-4)?
-29
Let x(i) = -i**3 + 8*i**2 + 6. What is x(8)?
6
Let p(x) = -44*x + 1. Calculate p(-1).
45
Let j(n) = -n**2 - 14*n - 9. Calculate j(-6).
39
Let q(j) = 4*j - 122. Determine q(20).
-42
Let d(h) = -11*h - 462. Give d(-42).
0
Let f(z) = z**3 - 59*z**2 + 60*z - 123. What is f(58)?
-7
Let f(y) = y**2 + 4*y + 6. What is f(-5)?
11
Let w(k) = k**3 - 15*k**2 - 17*k + 10. Determine w(16).
-6
Let t(g) = -2*g**2 - 12*g + 6. What is t(-6)?
6
Let k(b) = -b**3 - 13*b**2 - 11*b + 7. Give k(-12).
-5
Let h(f) = -2*f**3 - 2*f - 1. What is h(3)?
-61
Let i(r) = r**3 + 29*r**2 + 26*r - 28. Determine i(-28).
28
Let p(i) = 37*i. What is p(1)?
37
Let g(u) = u - 14. What is g(6)?
-8
Let i(p) = -7*p - 19. Give i(-3).
2
Let k(t) = t**2 + 20*t - 7. Calculate k(-20).
-7
Let d(s) = -s**2 + 16*s - 57. Determine d(4).
-9
Let f(d) = 3*d**3 - 11*d**2 + 4*d - 5. What is f(3)?
-11
Let g(j) = -j**3 + j**2 - 7*j + 7. Calculate g(4).
-69
Let m(r) = -9*r**2 - r - 2. Calculate m(-2).
-36
Let k(l) = 2*l**3 - 24*l**2 - 30*l + 21. Determine k(13).
-31
Let f(g) = 6*g - 15. Give f(1).
-9
Let v(k) = -3*k - 19. Calculate v(-15).
26
Let c(r) = -105*r + 430. Calculate c(4).
10
Let p(v) = -v**2 - 10*v + 40. Calculate p(-17).
-79
Let t(f) = f - 12. Give t(4).
-8
Let i(a) = 4*a - 23. Determine i(7).
5
Let d(p) = p - 12. Determine d(19).
7
Let y(u) = u + 10. What is y(-5)?
5
Let h(k) = -2*k - 28. What is h(-12)?
-4
Let s(k) = 20*k - 18. What is s(2)?
22
Let a(k) = k**2 - 9*k + 6. Calculate a(8).
-2
Let h(g) = -4*g + 91. Calculate h(24).
-5
Let m(d) = -d**3 - 6*d**2 - 6*d - 11. Calculate m(-5).
-6
Let c(z) = -z**2 + 6*z + 15. Determine c(8).
-1
Let r(g) = 18*g**2. What is r(1)?
18
Let h(n) = n**3 + 6*n**2 + 11*n - 6.